{"id":8810,"date":"2019-05-20T20:39:13","date_gmt":"2019-05-20T19:39:13","guid":{"rendered":"http:\/\/www.wrv-rudern.de\/?page_id=8810"},"modified":"2023-01-09T14:07:47","modified_gmt":"2023-01-09T13:07:47","slug":"rennrudern-teil-i-1","status":"publish","type":"page","link":"http:\/\/www.wrv-rudern.de\/?page_id=8810","title":{"rendered":"Rennrudern Teil I"},"content":{"rendered":"<p><strong>1950 &#8211; 1989<\/strong><\/p>\n<p>Nach vielen Irrungen und Wirrungen in den Jahren 1950 bis 1953, die durchaus den&nbsp; &nbsp; &nbsp; <a href=\"http:\/\/www.wrv-rudern.de\/wp-content\/uploads\/2023\/01\/BSG-Empor.jpg\"><img loading=\"lazy\" decoding=\"async\" class=\"size-full wp-image-10292 alignleft\" src=\"http:\/\/www.wrv-rudern.de\/wp-content\/uploads\/2023\/01\/BSG-Empor.jpg\" alt=\"\" width=\"122\" height=\"126\"><\/a>&nbsp; &nbsp; &nbsp; &nbsp; &nbsp; &nbsp; &nbsp; &nbsp; Fortbestand des Wei\u00dfenfelser Rudersportes in seinem Bootshaus in&nbsp; &nbsp; &nbsp; &nbsp; &nbsp; Frage stellten, fanden die Ruderer in der Betriebssportgemeinschaft&nbsp; &nbsp; &nbsp; &nbsp; &nbsp; (BSG) Empor Wei\u00dfenfels als Sektion Rudern ihr weiteres sportliches&nbsp; &nbsp; &nbsp; &nbsp; &nbsp; &nbsp; Bet\u00e4tigungsfeld. Damit verbunden war die endg\u00fcltige Nutzung des&nbsp; &nbsp; &nbsp; &nbsp; &nbsp; &nbsp; angestammten Bootshauses. Unter den nun gegebenen&nbsp; &nbsp; &nbsp; &nbsp; &nbsp; &nbsp; &nbsp; &nbsp; &nbsp; &nbsp; &nbsp; &nbsp; &nbsp; &nbsp; &nbsp; Trainingsbedingungen war eine&nbsp;enorme Aufw\u00e4rtsentwicklung zu verzeichnen. Der Bootspark der 50er Jahre bestand aus 6 Rennbooten und 14 Gigs. Er konnte in den folgenden Jahren durch die Anschaffung von Rennbooten, C-Booten und Motorbooten f\u00fcr die Trainer und \u00dcbungsleiter erheblich aufgestockt werden.<\/p>\n<p><img loading=\"lazy\" decoding=\"async\" src=\"wp-content\/uploads\/2011\/08\/riemenvierer65.jpg\" alt=\"\" width=\"425\" height=\"234\" border=\"0\"><\/p>\n<div class=\"caption\">Mai 1965: 11. Wei\u00dfenfelser Ruderregatta<\/div>\n<div class=\"caption\">\n<p>Bernd Rotter, Horst Fr\u00f6hlich, Klaus Baatz, Peter Schilling, Stm. Hans-Joachim Janicke (v.r.n.l.)Dem an Bedeutung zunehmenden Rennrudern galt ab jetzt unsere besondere Aufmerksamkeit. Betrachten wir deshalb das Wettbewerbsgeschehen seit 1950 etwas genauer.<\/p>\n<p>Die Rennruderinnen und Rennruderer der Sektion erk\u00e4mpften in den 50er Jahren 60 Siege. In der Zeit von 1960 bis 1969 wurden diese Erfolge mehr als verdoppelt. Es konnten 145 Siege errudert werden. Ein entscheidender Qualit\u00e4tssprung wurde 1970 mit der Bildung eines Trainingszentrums Rudern in Wei\u00dfenfels eingeleitet. So konnten z.B. im Zeitraum 1970 bis 1979 715 siegreiche Boote an den Stegen anlegen. Sie besuchten Regatten in Berlin-Gr\u00fcnau, Aken, Brandenburg, Bernburg, Calbe, Chemnitz, Dessau, Halle, Leipzig, Lobenstein, Magdeburg, Mei\u00dfen, Merseburg, Naumburg, Potsdam, Riesa, Sch\u00f6nebeck, Zschornewitz, Bydgoszcz. Der Ruderverein veranstalte in diesem Zeitraum ebenfalls Wei\u00dfenfelser Regatten.<\/p>\n<p>Die Trainingsleitung lag bis 1953 in den H\u00e4nden der Ruderkameraden W. Schneider und F. Taube. Danach wurde sie vom Ruderkameraden Eberhard G\u00fcnther \u00fcbernommen. Er leitete das Training bis 1967, dann trat Ruderkamerad Horst Fr\u00f6hlich an seine Stelle. Von ihm \u00fcbernahm sein Bruder Achim Fr\u00f6hlich diese Aufgabe.<\/p>\n<p>Entscheidend f\u00fcr die Entwicklung des Rennruderns unserer Sektion wirkten sich die Ma\u00dfnahmen zur schwerpunktm\u00e4\u00dfigen Entwicklung des Rudersportes im Bezirk Halle aus. Bei der dazu durchgef\u00fchrten Beratung, die am 12. April 1967 beim Bezirksvorstand des Deutschen Turn- und Sportbundes stattfand, wurden wir vom Ruderkameraden Otto-Ernst Hecker vertreten. Auch f\u00fcr Wei\u00dfenfels stand die Bildung eines Trainingszentrums auf der Tagesordnung. Die Konzeption daf\u00fcr wurde am 25. Januar 1968 vorgelegt. Das Trainingszentrum (TZ) wurde best\u00e4tigt.<\/p>\n<p>Der Ruderkamerad Achim Fr\u00f6hlich wurde als Leiter des TZ berufen. 1970 \u00fcbernimmt der Sektionsleiter, Ruderkamerad Gerd Kr\u00f6tzsch, in Personalunion auch die Leitung des TZ. Dadurch kann sich Ruderkamerad Achim Fr\u00f6hlich intensiver dem Trainingsbetrieb widmen. Seine Aufgaben \u00fcbernahm ab 1971 der Ruderkamerad Peter Schilling, den 1972 Ruderkamerad Bernd Rotter abl\u00f6ste. Bernd Rotter \u00fcbernahm Mitte 1973 auch die Leitung des Trainingszentrums. Von 1975 bis 1989 war Ruderkamerad Ekkard G\u00fcnther TZ- Leiter. Er hatte ab 1978 beste Unterst\u00fctzung durch seine Schwester Dagmar Ritter, geb. G\u00fcnther, die als Trainerin die Rennruderinnen und -ruderer betreute.<\/p>\n<\/div>\n<p>&nbsp;<\/p>\n<p>&nbsp;<\/p>\n","protected":false},"excerpt":{"rendered":"<p>1950 &#8211; 1989 Nach vielen Irrungen und Wirrungen in den Jahren 1950 bis 1953, die durchaus den&nbsp; &nbsp; &nbsp; &nbsp; &nbsp; &nbsp; &nbsp; &nbsp; &nbsp; &nbsp; &nbsp; Fortbestand des Wei\u00dfenfelser Rudersportes in seinem Bootshaus in&nbsp; &nbsp; &nbsp; &nbsp; &nbsp; Frage stellten, fanden die Ruderer in der Betriebssportgemeinschaft&nbsp; &nbsp; &nbsp; &nbsp; &nbsp; (BSG) Empor Wei\u00dfenfels als [&hellip;]<\/p>\n","protected":false},"author":13,"featured_media":0,"parent":0,"menu_order":6,"comment_status":"closed","ping_status":"closed","template":"","meta":{"ngg_post_thumbnail":0,"footnotes":""},"class_list":["post-8810","page","type-page","status-publish","hentry"],"_links":{"self":[{"href":"http:\/\/www.wrv-rudern.de\/index.php?rest_route=\/wp\/v2\/pages\/8810","targetHints":{"allow":["GET"]}}],"collection":[{"href":"http:\/\/www.wrv-rudern.de\/index.php?rest_route=\/wp\/v2\/pages"}],"about":[{"href":"http:\/\/www.wrv-rudern.de\/index.php?rest_route=\/wp\/v2\/types\/page"}],"author":[{"embeddable":true,"href":"http:\/\/www.wrv-rudern.de\/index.php?rest_route=\/wp\/v2\/users\/13"}],"replies":[{"embeddable":true,"href":"http:\/\/www.wrv-rudern.de\/index.php?rest_route=%2Fwp%2Fv2%2Fcomments&post=8810"}],"version-history":[{"count":7,"href":"http:\/\/www.wrv-rudern.de\/index.php?rest_route=\/wp\/v2\/pages\/8810\/revisions"}],"predecessor-version":[{"id":10338,"href":"http:\/\/www.wrv-rudern.de\/index.php?rest_route=\/wp\/v2\/pages\/8810\/revisions\/10338"}],"wp:attachment":[{"href":"http:\/\/www.wrv-rudern.de\/index.php?rest_route=%2Fwp%2Fv2%2Fmedia&parent=8810"}],"curies":[{"name":"wp","href":"https:\/\/api.w.org\/{rel}","templated":true}]}}